 j.
13
Let a(u) = -u**2 - 12*u - 1. Let z be a(-11). Calculate the greatest common factor of 80 and z.
10
Suppose 0 = 5*v - 289 + 109. What is the highest common factor of v and 9?
9
Suppose -3*p + 89 = 23. Suppose 3*f + 81 = 3*b - 99, f + 5 = 0. What is the highest common divisor of p and b?
11
Suppose 0 = -m - 8*m + 189. Let s(b) be the first derivative of -31*b**2/2 + b - 2. Let y be s(-2). Calculate the highest common factor of m and y.
21
Let t(s) = -s**2 - 15*s - 6. Let a be t(-6). Suppose -3*w + 34 = 4*g, 3*g + 6 = -5*w + 48. What is the highest common divisor of w and a?
6
Let n be 3 + (-6)/(-1 - 1). Let f(c) = c**3 - 5*c**2 + 4*c - 4. Let z be f(n). What is the greatest common factor of 14 and z?
14
Suppose 0*r = -r - 5. Let w be 2/4 + r/(-10). Calculate the highest common divisor of 5 and w.
1
Let v(s) = -7*s**2 - s + 3*s**3 - s**3 - 3*s**3. Let w be v(-7). Let i be 0 + -2 - (11 - 76). What is the greatest common divisor of i and w?
7
Let g = 23 - 17. Let z(v) = v**3 - v**2 + 3*v - 3. Let f be z(4). Let h = 87 - f. Calculate the greatest common factor of h and g.
6
Let s(q) = q**2 + 4*q - 6. Let f be s(-5). Let n be 1 - 1 - (0 - 0). Let c be (f - n) + 1 + 14. What is the highest common divisor of c and 35?
7
Let d be (-7)/(-1) - 2/1. Suppose 3*c = d*m - m + 113, 2*c - 4*m - 78 = 0. What is the greatest common factor of 5 and c?
5
Suppose j + 2*j - 132 = 0. Calculate the greatest common factor of j and 4.
4
Let q = -5 - -6. Let m be 1*(-1 + -2 + 6) - -1. Calculate the highest common factor of m and q.
1
Suppose n + 0*n = 24. Calculate the greatest common divisor of n and 60.
12
Suppose -d = -b, 2*d - d = -4. Let r(a) = -2*a**3 + 5*a**2 + a + 5. Let v be r(b). Calculate the greatest common divisor of v and 19.
19
Suppose 1396 + 1124 = 2*l - 3*d, 5040 = 4*l + 4*d. Suppose 5*c + 105 = l. What is the greatest common factor of 21 and c?
21
Suppose 0*y = 7*y - 378. Calculate the greatest common factor of y and 6.
6
Suppose -3*c + 13 = -2. Suppose -2*h = -27 - 53. What is the highest common divisor of h and c?
5
Let g = -4 - -6. Suppose -2*s + 23 - 1 = -g*d, 3*s = 5*d + 39. What is the highest common factor of s and 64?
8
Suppose -4*r = -9 - 151. What is the highest common factor of 30 and r?
10
Suppose 5*f = -3*o + 61, 2*o + 5*f + 47 = 3*o. Calculate the greatest common factor of 3 and o.
3
Suppose 3*n - 408 = 321. Suppose 2*x + 5*y = -x + 225, 0 = 3*x - y - n. Calculate the highest common factor of x and 16.
16
Let f = -11 - -16. Let l be (-30)/(-20)*(1 + f). Calculate the highest common factor of 18 and l.
9
Let g be (51 - -4)*-1 - 1. Let j be ((-3)/2)/(2/g). Calculate the greatest common divisor of j and 6.
6
Suppose -10*p + 2457 = 17*p. Let l = 17 + -4. What is the greatest common divisor of l and p?
13
Let k = 14 + 2. Let p be (-399)/(-5) + (168/(-35) - -5). What is the highest common divisor of p and k?
16
Let n(q) = 8*q. Let u be n(3). What is the highest common factor of 56 and u?
8
Let s(j) = -4*j**3 + j**2 + 3*j - 4. Let n be s(-3). Suppose 2*b - 5*b = -9. Suppose -55 = -4*y - b. What is the greatest common divisor of n and y?
13
Suppose 3*a - 1 = 2*p - 7, -3*p - 3*a + 39 = 0. Calculate the highest common factor of p and 27.
9
Suppose 3*v = -v + 144. What is the highest common factor of v and 54?
18
Let t be (-1 + 15/6)*2. Suppose -4*r = -t*w - 74 - 53, -2*r + 4*w + 76 = 0. What is the highest common factor of 7 and r?
7
Suppose -4*o = -4*j - 384, 0*o - 4*j - 184 = -2*o. Let d = o - 70. What is the highest common divisor of d and 20?
10
Suppose 2*t - c + 5*c = 100, -t + c = -65. Calculate the highest common divisor of t and 6.
6
Let z be 4 + 1 + 2 + -4. Calculate the highest common factor of z and 27.
3
Let i be 4 - 378/(9/(-3)) - -2. What is the greatest common divisor of i and 12?
12
Let c be 994/21 + 6/9. What is the highest common divisor of 6 and c?
6
Let f(q) = 12*q**2 - q + 3. Let n(v) = 12*v**2 - v + 4. Let l(x) = 5*f(x) - 4*n(x). Let o be l(-3). What is the greatest common factor of 10 and o?
10
Suppose -210 = -7*g + 2*g. Suppose r - 4*r = -g. Let s be (-2)/(-6) + 124/6. Calculate the highest common divisor of s and r.
7
Let k = 3 + -6. Let g = k + 11. Let y(i) = -4*i - 6. Let x be y(-2). What is the greatest common factor of x and g?
2
Suppose 0 = -4*n + 2*n + 12. Let h = -258 - -538. Suppose -278 = -5*m - 4*j, 5*m - j + 6*j - h = 0. Calculate the greatest common divisor of n and m.
6
Let d(i) = -3*i**3 + 4*i**2 + i. Let p be d(3). Let f be (1/(-3))/(1/p). Let v = 3 + f. What is the highest common factor of v and 34?
17
Suppose -4*h + 5*x + 8 = 0, -5*h + 6*x = 8*x - 10. Let n be (0 + -3)/((-3)/16). Calculate the highest common factor of n and h.
2
Let k be 26 - 1/(-2 + 1). Calculate the highest common factor of k and 18.
9
Suppose -6*l + 29 = -97. What is the highest common factor of 14 and l?
7
Let h be -1*5*-1*1. Suppose 2*v + 5*j + 21 = -2*v, -9 = 3*v - 3*j. Let r be ((-6)/v)/(36/840). What is the highest common factor of h and r?
5
Suppose p + 52 = n, -3*n - 2*n + 152 = -3*p. Let s be ((-5)/3)/(6/p). What is the greatest common factor of s and 45?
15
Suppose -s = -4 - 3. Suppose 64 = 4*l - 12. Suppose k - l = -s. Calculate the highest common divisor of k and 6.
6
Let w be ((-3)/(-6))/(4/64). What is the greatest common factor of w and 1?
1
Let n = -166 + 294. Let a(o) = o**3 - 7*o**2 - 4*o + 11. Let z be a(9). Suppose -5*j + z = 57. Calculate the highest common divisor of n and j.
16
Suppose -3*l - l - 5*r = 12, -3*l = r - 2. Suppose 2*y - 80 = -l*y. Calculate the greatest common factor of y and 30.
10
Let h(q) = -2*q. Let o be h(-2). Suppose -u + 0*u - 3 = -i, u + 9 = o*i. What is the highest common factor of 22 and i?
2
Let h(t) = -t - 2. Let p(l) = -l**2 + l + 2. Let y(g) = -2*h(g) - 3*p(g). Let c be y(3). What is the greatest common factor of c and 11?
11
Let k be (-2)/(1 + 304/(-300)). Suppose 0 = -2*h + 70 + k. Calculate the highest common factor of h and 10.
10
Let u be (41 - -2) + 7 + -6. Let z be 1*2 - (-1 - -1). Suppose 0 = 5*q - z*q - 33. What is the greatest common divisor of u and q?
11
Suppose 3*k + 4*o - 31 = 0, -k + 2*o - 29 = -4*k. Let a = 28 + -19. What is the highest common divisor of k and a?
9
Suppose c - 2*c + 48 = 0. Let l = 23 + -11. Calculate the greatest common divisor of l and c.
12
Suppose 0 = 3*j - 6 - 0. Let f(g) = -g + 9. Let t be f(3). Calculate the highest common factor of j and t.
2
Let c = 2 + 0. Let r(s) = 4*s + 2*s**3 - 3*s**3 - 4 - s**2 + 5*s**c. Let o be r(4). Calculate the greatest common factor of 60 and o.
12
Let a = 33 - 11. Let g(f) be the first derivative of f**3/3 + 3*f**2/2 - 2*f - 2. Let w be g(-4). Calculate the highest common divisor of a and w.
2
Suppose q + 5 = 30. What is the highest common divisor of q and 10?
5
Let i(o) = o**3 + 4*o**2 + 4*o + 3. Let n be i(-2). Suppose 2*q + 4*p = 3*p + 12, -21 = -3*q - n*p. Calculate the greatest common divisor of 2 and q.
1
Suppose -7 = -2*h + r, 4*h + 4*r = -0*h + 20. Calculate the highest common divisor of 16 and h.
4
Let l(n) = -n**3 - 7*n**2 - 8*n - 9. Suppose 2*i + 2*i = -24. Let k be l(i). Let b be 51/k + (0 - -3). Calculate the greatest common divisor of b and 20.
20
Suppose 0 = -3*z - 48 + 69. What is the highest common divisor of z and 56?
7
Suppose -3*t = -2*t + 1, -5*z = 2*t - 98. Calculate the highest common divisor of 100 and z.
20
Suppose -23 = -3*o - d + 5*d, -9 = -3*o - 3*d. Let m be ((-4)/6)/(o/(-105)). What is the highest common factor of m and 14?
14
Let c = -3 + 30. Calculate the highest common factor of c and 189.
27
Let d be (-1)/2 - 21/(-6). Suppose -12 = -3*g + 3*n, -4*g - 2*n + 34 = d*n. What is the highest common factor of g and 1?
1
Let a(r) = -39*r - 3. Let d be a(-7). Calculate the greatest common factor of d and 30.
30
Let i(s) = 2*s**2 - 8*s. Let t be i(-6). Calculate the highest common divisor of 20 and t.
20
Suppose 0 = -2*t - 2*s - 16, 5*s = 3*t - 2*t + 8. Let f be 6/24 - 214/t. Calculate the highest common factor of f and 9.
9
Let q = 6 + -1. Suppose -q*g + 9 = 3*x, 0 - 9 = -2*g - 3*x. Suppose g = 2*m - 5*m + 2*u + 8, 0 = m + 4*u - 12. What is the highest common factor of m and 4?
4
Suppose 0 = -5*x + 8 - 83. Let r = 15 - x. Calculate the highest common factor of 12 and r.
6
Suppose 2*o 